s 11 - -b36?
b47
In base 2, what is 1111111111000001 - -11?
1111111111000100
In base 5, what is 10 + -34413342?
-34413332
In base 13, what is -8016b7 - -1?
-8016b6
In base 9, what is -180 + 0?
-180
In base 10, what is 10 + -5718?
-5708
In base 11, what is 369a + 36?
3725
In base 3, what is -11 + -2022111112?
-2022111200
In base 4, what is -12102031 + 221?
-12101210
In base 10, what is -5324 - -2?
-5322
In base 8, what is 1142426 - -4?
1142432
In base 2, what is 10 + -101010000110001010?
-101010000110001000
In base 3, what is 12002222 - 10121?
11222101
In base 13, what is -5169 + 7?
-5162
In base 4, what is -1003312 - -2130?
-1001122
In base 16, what is 24 + b9ea?
ba0e
In base 11, what is a - 2165?
-2156
In base 11, what is 11166 - -8?
11173
In base 4, what is 2 + -1213110?
-1213102
In base 16, what is 8 + -73d8?
-73d0
In base 15, what is 56 - -200b?
2062
In base 3, what is 21 + -200222?
-200201
In base 7, what is -4406 + -16?
-4425
In base 6, what is -33315232 - 2?
-33315234
In base 11, what is 3 + 1a170?
1a173
In base 10, what is -10879 + -5?
-10884
In base 15, what is 78 - 2604?
-257b
In base 3, what is 11112 + -202100001?
-202011112
In base 11, what is 2aa8 - 25?
2a83
In base 3, what is 10 + -102020111020?
-102020111010
In base 14, what is -58bb - 26?
-5903
In base 7, what is -135344 + 2?
-135342
In base 4, what is 31210220001 + -2?
31210213333
In base 3, what is 2112 + 100111?
110000
In base 16, what is -2812eb + 4?
-2812e7
In base 3, what is 1112 - 1102010121?
-1102002002
In base 4, what is 112011 + -12?
111333
In base 5, what is -4 - 32434221?
-32434230
In base 10, what is 2128 + 33?
2161
In base 5, what is 10133 + 0?
10133
In base 15, what is -dc5a + -5?
-dc60
In base 15, what is -1 + 1695?
1694
In base 4, what is -20 - -212213?
212133
In base 14, what is -11 - 1712?
-1723
In base 14, what is -a + -5c30?
-5c3a
In base 3, what is -1010012200 - -101?
-1010012022
In base 2, what is -1001110100110111 - 101100?
-1001110101100011
In base 2, what is -111110 - 111101110?
-1000101100
In base 6, what is 224211 - -14?
224225
In base 16, what is 2 + 4e34?
4e36
In base 6, what is 215134 - 12?
215122
In base 12, what is 8865 + -7?
885a
In base 3, what is 10 - -1201222202?
1201222212
In base 9, what is -2418 - -133?
-2275
In base 16, what is 4011 - -b?
401c
In base 6, what is 20 - 1234?
-1214
In base 12, what is 204 + -12?
1b2
In base 15, what is -53 - -954?
901
In base 8, what is 21535 + 7?
21544
In base 6, what is -4 + -2454553?
-2455001
In base 4, what is 11 + 1113102031?
1113102102
In base 3, what is 1022211102 + 221?
1022212100
In base 8, what is -201 - 5576?
-5777
In base 3, what is -12 - -12000011222?
12000011210
In base 16, what is -ed - -354?
267
In base 13, what is -640 - -91?
-57c
In base 13, what is 40 + -42b?
-3bb
In base 7, what is 21160 - -2?
21162
In base 8, what is -634 + -65?
-721
In base 10, what is -776 + -50?
-826
In base 11, what is 2a26334 - -2?
2a26336
In base 15, what is 3c0 - 62?
35d
In base 6, what is -2150020 + -104?
-2150124
In base 3, what is -10100 + -2021102?
-2101202
In base 12, what is 2819 + 14?
2831
In base 4, what is -23030320 - -102?
-23030212
In base 12, what is -6 + 6605?
65bb
In base 5, what is -3 - 400314?
-400322
In base 9, what is -18858 - -4?
-18854
In base 12, what is 3 - 374a?
-3747
In base 15, what is 1 - 427d8?
-427d7
In base 11, what is 28069 + 1?
2806a
In base 13, what is 154 - -193?
317
In base 3, what is -12 + 110210020?
110210001
In base 15, what is -7b3b - 34?
-7b70
In base 15, what is 3 - -cb379?
cb37c
In base 4, what is -1203 - -22333?
21130
In base 13, what is 12b1 + -6?
12a8
In base 13, what is -11b874 + 3?
-11b871
In base 14, what is c36 + -8?
c2c
In base 9, what is 37131 + 3?
37134
In base 14, what is 3b65 + 9?
3b70
In base 3, what is 2000120120010 + 1?
2000120120011
In base 12, what is -19848a + 3?
-198487
In base 7, what is 2246 - -2503?
5052
In base 2, what is 10010110000101 + -1101110?
10010100010111
In base 11, what is -1 + -238a1?
-238a2
In base 12, what is 6 - 4b1b1?
-4b1a7
In base 9, what is 1005 + -238?
656
In base 12, what is 37035 - 0?
37035
In base 16, what is -3 - -24907?
24904
In base 9, what is -10580 + 43?
-10536
In base 9, what is 0 + -235232?
-235232
In base 10, what is 114 + 10838?
10952
In base 10, what is -2673 - -11?
-2662
In base 15, what is 98 + 26?
be
In base 15, what is -8a8c - -e?
-8a7d
In base 13, what is -1657 + 20?
-1637
In base 8, what is -10 - 22366?
-22376
In base 13, what is -3c - -256?
217
In base 10, what is -689 - 1085?
-1774
In base 7, what is -44261 + 3?
-44255
In base 2, what is -101 + -1010111110000011010?
-1010111110000011111
In base 4, what is -20 + -30120302?
-30120322
In base 3, what is 200 - 10212022?
-10211122
In base 16, what is 3cb3 + -1?
3cb2
In base 4, what is -123121033 + -11?
-123121110
In base 7, what is -23 + 51346?
51323
In base 2, what is 11001011010101100100 + 11?
11001011010101100111
In base 5, what is 110 + 44300?
44410
In base 11, what is 1687 - -8?
1694
In base 11, what is 0 - -13a18?
13a18
In base 16, what is -7 - 5ce?
-5d5
In base 4, what is 3303331310 - 10?
3303331300
In base 7, what is 3 + -140362?
-140356
In base 15, what is 37b9 + -c?
37ac
In base 16, what is -7c + 75?
-7
In base 15, what is -2 - -12461?
1245e
In base 14, what is -5 - 4a08?
-4a0d
In base 13, what is -4824 + -8?
-482c
In base 4, what is 31203 - 103012?
-11203
In base 3, what is 12 + 202021101?
202021120
In base 5, what is 4301220 + -2?
4301213
In base 6, what is 5121 - -1115?
10240
In base 8, what is -3661 + -164?
-4045
In base 12, what is -27ab - 87?
-2876
In base 8, what is -4 - 2076?
-2102
In base 15, what is -1057c - -a?
-10572
In base 2, what is 10 + -1101100110110001?
-1101100110101111
In base 15, what is b8 + -6ce?
-616
In base 5, what is 1431402 - -1?
1431403
In base 10, what is -7952 + 86?
-7866
In base 13, what is -11 - -860?
84c
In base 10, what is -30 + -638?
-668
In base 4, what is -202 - -22201033?
22200231
In base 14, what is 0 + 59226?
59226
In base 11, what is 45 + 5946?
5990
In base 9, what is 76 + -4028?
-3842
In base 12, what is 27 - -229?
254
In base 13, what is 3533 + -36?
34ca
In base 4, what is -201 - 21231?
-22032
In base 3, what is 12001111 - 1021?
12000020
In base 8, what is -216 + 151?
-45
In base 6, what is 133 - -5553?
10130
In base 9, what is -862871 - 3?
-862874
In base 14, what is -3 + 17ad6?
17ad3
In base 7, what is 1652305 + -3?
1652302
In base 16, what is 1a4 + -878?
-6d4
In base 12, what is -22780 + 3?
-22779
In base 2, what is -11 - -10100111101001000?
10100111101000101
In base 3, what is -10 + -21002002222?
-21002010002
In base 9, what is -1573213 + 0?
-1573213
In base 13, what is -214 - -3538?
3324
In base 10, what is 83043 + -5?
83038
In base 11, what is -9 - -1301a?
13011
In base 9, what is 1312 - -36?
1348
In base 5, what is 4 + -10012140?
-10012131
In base 12, what is -13 + -a2a91?
-a2aa4
In base 3, what is -122 - -20002111?
20001212
In base 10, what is -3409 - 11?
-3420
In base 9, what is -3 - 76800?
-76803
In base 15, what is 0 + 20ed5?
20ed5
In base 16, what is 13 - 6fcca?
-6fcb7
In base 12, what is aa - 1216?
-1128
In base 9, what is -4 + -6358?
-6363
In base 5, what is 2 + -30131442?
-30131440
In base 6, what is -12340 + 3340?
-5000
In base 13, what is -1c - -23a4?
2385
In base 6, what is 222325 + -1?
222324
In base 16, what is -2 + -4444b?
-4444d
In base 13, what is -22c5 - 14?
-2309
In base 5, what is 2230 - -12014?
14244
In base 7, what is 100463 + -46?
100414
In base 4, what is 10 + -10231301?
-10231231
In base 16, what is -53 + -846?
-899
In base 13, what is 3 - 1615?
-1612
In base 15, what is -823e + 0?
-823e
In base 7, what is -25 - -113?
55
In base 16, what is -13 - f47?
-f5a
In base 3, what is 210221110 - -21?
210221201
In base 5, what is 2 + 143341?
143343
In base 3, what is -22202 + -121122201?
-121222110
In base 8, what is -3776 - 471?
-4467
In base 9, what is -20 + 24241?
24221
In base 11, what is 2 + a4444?
a4446
In base 16, what is 7 + 550?
557
In base 8, what is 2550 - -52?
2622
In base 12, what is b64 + 1a?
b82
In base 10, what is -108481 + -2?
-108483
In base 7, what is -532 - -102?
-430
In base 8, what is 607 - 2217?
-1410
In base 7, what is 4 - 405614?
-405610
In base 14, what is -dc2 -